02827 composite?
True
Is 47699 a prime number?
True
Is 21311 composite?
True
Is 2503 composite?
False
Is 5139581 composite?
False
Is 642997 a composite number?
False
Is 254 a composite number?
True
Is 82127 a composite number?
True
Is 5389 composite?
True
Is 115 a prime number?
False
Is 3659 prime?
True
Is 48593 composite?
False
Is 1285 a prime number?
False
Is 1635583 prime?
True
Is 112481 a composite number?
False
Is 1164173 a prime number?
True
Is 62681 a composite number?
True
Is 27611 composite?
False
Is 967 a composite number?
False
Is 6119 a composite number?
True
Is 61627 a prime number?
True
Is 560393 composite?
False
Is 1259 prime?
True
Is 1145 a prime number?
False
Is 16883 a prime number?
True
Is 5773 a prime number?
False
Is 214129 a composite number?
False
Is 53945 composite?
True
Is 305917 prime?
True
Is 925581 prime?
False
Is 7753 a composite number?
False
Is 422741 a composite number?
True
Is 1457317 a composite number?
True
Is 16519 prime?
True
Is 2411 a prime number?
True
Is 469397 prime?
True
Is 349161 a prime number?
False
Is 23158 composite?
True
Is 1692851 a composite number?
True
Is 24707 a prime number?
False
Is 447 a prime number?
False
Is 15859 prime?
True
Is 9769 a prime number?
True
Is 12729 prime?
False
Is 3083 a prime number?
True
Is 24359 a prime number?
True
Is 19903 prime?
False
Is 47834 composite?
True
Is 8153 composite?
True
Is 1181909 a prime number?
False
Is 998467 composite?
True
Is 841501 prime?
False
Is 7039 a prime number?
True
Is 2603 a prime number?
False
Is 13009 a composite number?
False
Is 539963 composite?
True
Is 26179 composite?
True
Is 12745 a prime number?
False
Is 61357 composite?
False
Is 590867 a prime number?
True
Is 797 composite?
False
Is 1847 composite?
False
Is 501719 prime?
True
Is 3877211 a composite number?
True
Is 5471 prime?
True
Is 86369 composite?
False
Is 1637 prime?
True
Is 21961 a composite number?
False
Is 40781 composite?
True
Is 2581 composite?
True
Is 1793 a composite number?
True
Is 34807 prime?
True
Is 317159 a composite number?
False
Is 59509 a prime number?
True
Is 60013 prime?
True
Is 254 a prime number?
False
Is 2046109 composite?
True
Is 156041 a prime number?
True
Is 299721 composite?
True
Is 613697 a composite number?
True
Is 2921 a prime number?
False
Is 45523 prime?
True
Is 16726 a composite number?
True
Is 2893 a composite number?
True
Is 587 composite?
False
Is 3589 prime?
False
Is 12323 a composite number?
False
Is 322669 prime?
True
Is 422497 a composite number?
True
Is 38 a composite number?
True
Is 43843 a prime number?
False
Is 104459 a prime number?
True
Is 10831 a composite number?
False
Is 68093 a composite number?
True
Is 1708283 a prime number?
True
Is 28759 composite?
False
Is 22787 a composite number?
False
Is 4409 a composite number?
False
Is 86069 composite?
False
Is 8213 a composite number?
True
Is 265333 prime?
True
Is 11855 composite?
True
Is 3831 prime?
False
Is 6121 a composite number?
False
Is 189463 prime?
True
Is 258827 a composite number?
False
Is 5209 a composite number?
False
Is 83 a prime number?
True
Is 529489 a prime number?
True
Is 193789 prime?
True
Is 25777 a prime number?
False
Is 2334985 a composite number?
True
Is 2785 a prime number?
False
Is 1626701 prime?
True
Is 555029 prime?
True
Is 26305 composite?
True
Is 1009 composite?
False
Is 299161 a composite number?
True
Is 129263 composite?
False
Is 818659 prime?
True
Is 43753 a prime number?
True
Is 36083 composite?
False
Is 160261 a prime number?
False
Is 59539 composite?
False
Is 271367 a prime number?
True
Is 84629 prime?
True
Is 342527 prime?
True
Is 797 composite?
False
Is 32909 composite?
False
Is 5981 a composite number?
False
Is 218731 composite?
True
Is 60551 a composite number?
True
Is 1399 a prime number?
True
Is 73159 a prime number?
False
Is 1568707 a composite number?
True
Is 16673 prime?
True
Is 14765 a composite number?
True
Is 342389 a composite number?
False
Is 20051 a prime number?
True
Is 356849 prime?
False
Is 158837 prime?
False
Is 497867 composite?
False
Is 5711 prime?
True
Is 2613881 a prime number?
False
Is 89135 prime?
False
Is 335137 a composite number?
True
Is 89333 a composite number?
True
Is 10007 a composite number?
False
Is 24251 a prime number?
True
Is 1013279 composite?
False
Is 43093 composite?
False
Is 20998 a prime number?
False
Is 22513 a composite number?
True
Is 215653 prime?
True
Is 24989 composite?
False
Is 20639 a composite number?
False
Is 586 a prime number?
False
Is 6029 a composite number?
False
Is 107891 a composite number?
True
Is 93823 a composite number?
True
Is 114547 a prime number?
True
Is 67 prime?
True
Is 262453 a composite number?
True
Is 2063 composite?
False
Is 1973 prime?
True
Is 89591 a composite number?
False
Is 2441 composite?
False
Is 14057 a prime number?
True
Is 805693 a composite number?
True
Is 231247 prime?
False
Is 243755 prime?
False
Is 7041 a prime number?
False
Is 8903 a prime number?
False
Is 214997 a composite number?
True
Is 1130471 composite?
False
Is 5983 a prime number?
False
Is 36187 a prime number?
True
Is 753367 a prime number?
True
Is 155959 prime?
False
Is 49001 a composite number?
True
Is 500291 prime?
False
Is 8059 a composite number?
False
Is 36187 prime?
True
Is 20599 a composite number?
False
Is 133921 a prime number?
False
Is 25442 prime?
False
Is 299873 composite?
True
Is 89689 composite?
False
Is 505481 a prime number?
True
Is 25582 prime?
False
Is 53135 a composite number?
True
Is 58 a prime number?
False
Is 1084267 a prime number?
True
Is 37577 a prime number?
False
Is 28789 prime?
True
Is 43289 a prime number?
False
Is 1957163 composite?
True
Is 3271 a prime number?
True
Is 71629 composite?
True
Is 7621 a prime number?
True
Is 591101 composite?
True
Is 12991 a composite number?
True
Is 58553 a composite number?
True
Is 66419 composite?
True
Is 1178743 composite?
False
Is 48157 composite?
False
Is 66643 a prime number?
True
Is 13911 prime?
False
Is 626723 composite?
False
Is 7099 a composite number?
True
Is 57983 a prime number?
False
Is 36251 a prime number?
True
Is 50671 prime?
True
Is 10583 prime?
False
Is 18427 a prime number?
True
Is 787 a composite number?
False
Is 464171 prime?
True
Is 33505 composite?
True
Is 40085 a prime number?
False
Is 626041 a prime number?
False
Is 1015541 a prime number?
True
Is 433469 composite?
False
Is 18871 a prime number?
False
Is 100865 prime?
False
Is 9773 composite?
True
Is 63109 composite?
True
Is 3294529 a composite number?
True
Is 515887 composite?
False
Is 62773 prime?
True
Is 15539 prime?
False
Is 13997 prime?
True
Is 128897 composite?
True
Is 933 a prime number?
False
Is 6431 composite?
True
Is 877 composite?
False
Is 2103 prime?
False
Is 21433 composite?
False
Is 586679 prime?
True
Is 1197299 composite?
True
Is 667 a composite number?
True
Is 1623 composite?
True
Is 8057 a prime number?
False
Is 88991 a prime number?
False
Is 11185 prime?
False
Is 33061 a prime number?
False
Is 30403 a composite number?
False
Is 5923 a composite number?
False
Is 10063 a composite number?
True
Is 10453 a composite number?
False
Is 2062 prime?
False
Is 22229 a composite number?
False
Is 697033 prime?
True
Is 319639 prime?
True
Is 47759 a prime number?
False
Is 44417 a prime number?
True
Is 171061 a prime number?
False
Is 699821 prime?
False
Is 178643 composite?
False
Is 1937 a prime number?
False
Is 700531 a composite number?
True
Is 3691 a composite number?
False
Is 143837 a prime number?
False
Is 1739 prime?
False
Is 9073 prime?
False
Is 35429 composite?
True
Is 773951 composite?
False
Is 87182 a composite number?
True
Is 145177 a composite number?
False
Is 79579 prime?
True
Is 269601 prime?
False
Is 719 a prime number?
True
Is 194597 a prime number?
False
Is 179897 prime?
True
Is 242069 composite?
False
Is 571657 prime?
True
Is 9257 prime?
True
Is 32411 prime?
True
Is 10729 composite?
False
Is 118853 prime?
False
Is 59957 a composite number?
False
Is 33119 a composite number?
False
Is 324265 composite?
True
Is 400409 a prime number?
True
Is 102239 a composite number?
True
Is 8491 a prime number?
False
Is 86401 prime?
False
Is 8503 composite?
True
Is 4258 composite?
True
Is 12653 composite?
False
Is 68911 composite?
True
Is 314051 a composite number